+ 6. Let j(x) = -5*x - 4. Let z(y) = 5*j(y) + 4*o(y). Determine z(-10).
14
Let i(v) = v**3 + 13*v**2 - 10. Let d(r) = r**2 - 1. Let m(g) = 4*d(g) - i(g). Calculate m(-9).
6
Let t(m) = m**2 + 6*m + 4. Let a be t(-5). Let d(n) be the second derivative of -n**5/4 - n**3/6 + 42*n. Give d(a).
6
Let g(w) = -16*w - 5*w**2 - 8*w**2 + 12*w**2 + 36. Let v be g(-18). Let f(n) = -n**2 - n + 24. Calculate f(v).
24
Let g(j) = j**3 + 6*j**2 - 8*j - 1. Let z = 98 + -63. Suppose 70 - z = -5*q. Determine g(q).
6
Let d(n) = -2*n**2 + n + 3. Suppose -5*y - 10 = u, u - 5 = 4*y + 3. Determine d(u).
3
Let j(s) = -s + 1. Let g be (-3)/12 - 38/8. Let h(l) = l**3 + 5*l**2 + 5. Let u be h(g). Suppose -u = -4*o + 11. Calculate j(o).
-3
Let j(b) be the second derivative of b**5/20 + b**4/3 + b**3/6 - b**2/2 + 9*b + 5. Let r(c) = c**2 - 5*c - 4. Let a be r(7). Let p = a + -14. What is j(p)?
-5
Let h = 2 + -4. Let b = h - 2. Let d(i) = -5*i**2 + 8*i + 1. Let g(m) = -9*m**2 + 15*m + 1. Let s(r) = b*g(r) + 7*d(r). Calculate s(5).
8
Suppose -73*g = -141*g + 748. Let k(x) = -x**2 + 18*x - 69. Determine k(g).
8
Let i(c) = c**2 - 3*c + 2. Let o = -338 - -340. What is i(o)?
0
Let s(x) = -x**3 - 15*x**2 + 26*x + 165. Let z be s(-16). Let y(c) = 4 + c + 0*c + 0. What is y(z)?
9
Let g(p) be the second derivative of 0 - 5/6*p**3 - p**2 - 1/24*p**4 - 4*p. Let s(j) be the first derivative of g(j). Calculate s(0).
-5
Let l(j) = -j - 5. Let v be 3/(2/(-48)*9). What is l(v)?
3
Let s be 3/(-12) + 45/20. Suppose 0 = -o - o - s. Let i be (2/4 + o)*6. Let a(n) = n**2 + 3*n + 3. What is a(i)?
3
Let q(g) = 3*g**3 + 2*g + 1. Let h = 28 + -27. Let r be (4 - 8) + h + 2. What is q(r)?
-4
Suppose 3*k + 3*q - 21 - 6 = 0, 4*k - 45 = 5*q. Let z(g) = 2*g - 10. Give z(k).
10
Let w(g) = g**2 - 4*g - 2. Let p(k) = -2*k**2 + 9*k - 1. Let q(h) = 2*h**2 - 9*h + 2. Let c(j) = -6*p(j) - 5*q(j). Let a(t) = 2*c(t) - 5*w(t). Calculate a(3).
-1
Suppose -25 = -2*r - 3*p, 2*r - 7*r = 3*p - 58. Let n(x) = x**2 - 10*x - 17. Let d be n(r). Let q(s) = -s**3 - 7*s**2 - 4*s - 7. What is q(d)?
-19
Let l(y) = -y**3 + 5*y**2 + 7*y + 6. Let v(a) = -a**3 - 6*a**2 - 12*a - 10. Let i be v(-4). Calculate l(i).
12
Let c(g) = -g**3 + 29*g**2 - 49*g - 130. Let t be c(27). Let j(n) be the first derivative of n**2 - 7*n - 5. What is j(t)?
3
Suppose -5*m = -3*g + 109, 0*g - 175 = -5*g + 5*m. Let n be (g/(-44))/((-2)/8). Let u(y) = -2*y**2 + 4*y - 1. Determine u(n).
-7
Let x(i) = -i**2 + 0 + 1 - 2 - 6*i. Suppose 184 = 18*d - 64*d. Determine x(d).
7
Suppose -3 - 1 = -4*c. Let p(u) = -769*u**3 + 767*u**3 + 0*u + u - 2*u**2. Give p(c).
-3
Let k(d) = d**3 + 10*d**2 - 12*d - 8. Let t be k(-11). Let i(z) = 10*z**t - 4*z + 3*z + 3*z - z. Calculate i(-1).
-11
Suppose 3*i + 5*o - 127 = 0, 5*i + o - 67 = 152. Let c be (i/(-66))/((-2)/(-9)). Let z(a) = -2*a**3 - 3*a**2 + 5*a + 4. Give z(c).
16
Let a(r) = r**2 + r + 8. Suppose 16 = 3*s + 4. Suppose 4*y = s*t + 16, -y + 8 = -5*t + 3*t. Calculate a(y).
8
Let k(b) = 52*b - 150. Let u be k(3). Let p(w) = w**3 - 6*w**2 - 9*w + 5. Calculate p(u).
-49
Let c(g) = 18 - 14 - 5*g + 12*g + 7 - g**2. Calculate c(9).
-7
Let k(n) = n + 3. Let w(u) be the first derivative of -u**2 - 7*u + 9. Let x(f) = -5*k(f) - 2*w(f). Give x(5).
-6
Let s be ((-10)/8)/(-12 + (-637)/(-52)). Let v = 12 + -6. Let d(b) = v - 13 + 2*b - b. Determine d(s).
-12
Let i be (-36)/(-45) + 93/(-15)*-1. Let q(d) = -d**2 + 10*d - 9. What is q(i)?
12
Let k(r) = r**3 + 4*r**2 - 4*r. Let v = 305 - 310. Determine k(v).
-5
Let s(a) be the second derivative of a**5/20 + 5*a**4/12 - 3*a**3/2 - 5*a**2 + 173*a. Determine s(-6).
8
Suppose 3*c + 12 = 6*c. Suppose -4*k + a + 4 = 0, k + 4*a = -c + 5. Let v(u) = -4*u + k - u**2 + 0*u**2 + 0*u**2 + u. Give v(-3).
1
Let f(o) = -30*o - 1. Let y(i) = -3*i. Let d(k) = f(k) - 2*y(k). Determine d(1).
-25
Let x = 244 + -256. Let v(j) = -j**2 - 15*j - 37. What is v(x)?
-1
Let r(m) be the third derivative of m**4/8 - m**3/3 - 5*m**2. Let a(g) = g**3 + 8*g**2 - g - 3. Let p be a(-8). Let d = -3 + p. Give r(d).
4
Let v(b) = b**2 + 7*b - 3. Let u = -21 - 7. Let q = u + 21. Give v(q).
-3
Let h(o) be the third derivative of o**9/30240 + o**8/6720 - o**6/720 - 11*o**5/60 + 5*o**2. Let w(n) be the third derivative of h(n). What is w(-2)?
-5
Let p(r) = 5*r - 6. Let k(j) = 6*j - 6. Let y(o) = 3*k(o) - 4*p(o). Give y(7).
-8
Let s(f) = f**2 + 7*f + 11. Let x be s(-5). Let q(h) = -3*h - 10*h + x + 0. Give q(-1).
14
Suppose 3 = -4*k - 1. Let u(f) = -8*f + 14. Let w(a) = -3*a + 10. Let p(z) = 3*z - 11. Let i(g) = 5*p(g) + 6*w(g). Let v(o) = -17*i(o) + 6*u(o). Calculate v(k).
-4
Let k(x) = -x**2 + 5*x - 10. Let v = 1224 + -1216. Determine k(v).
-34
Let f(h) = -12*h - 32. Let m(l) = 4*l + 16. Let g(q) = -2*f(q) - 5*m(q). Give g(6).
8
Let h(l) = l**3 + 5*l**2 + 4*l + 2. Let s be h(-3). Suppose 4*m - 32 = s*m. Let t(w) = 2*w + 12. Calculate t(m).
-4
Let z(t) = -3*t + 0*t + 7 + t + 3*t. Let x(c) = -2*c**2 - 5*c + 2. Let g be x(3). Let y = -34 - g. What is z(y)?
4
Let x(s) = 2*s + 6. Let k be x(-5). Let u(v) = 5*v - 7. Let q(l) = -20*l + 8 + 15*l - 1. Let b(c) = k*q(c) - 5*u(c). What is b(5)?
-18
Suppose 0 = t - 3*t + 4. Let m(o) be the first derivative of o + 3 + 1/3*o**3 + 0*o**2. Give m(t).
5
Let p(v) = -v**3 + 9*v**2 - 6*v - 2. Let g be (5 - 200/48)*6. Determine p(g).
68
Let p(k) = -80*k - 130. Let x(d) = 47*d + 78. Let c(u) = -7*p(u) - 12*x(u). What is c(-8)?
6
Let i(s) = s**3 - 5*s**2 + 3*s + 2. Let o = -48 - -56. Let v(c) = 5*c - 37. Let k be v(o). What is i(k)?
-7
Let y(m) = 3*m**3 - 21*m**2 - 16*m - 9. Let h(v) = 2*v**3 - 11*v**2 - 8*v - 4. Let t(n) = 5*h(n) - 3*y(n). Give t(-7).
0
Let y(x) = 3*x**2 - 2*x + 4. Suppose -3*h + 3*r = 0, -15 = 6*h - 9*h - 2*r. Determine y(h).
25
Let o be (-12)/(-8) + (-26)/4. Let y(a) = -3*a - 10. Calculate y(o).
5
Let l(d) = 139 - 136 + 69*d**2 - 68*d**2. Determine l(2).
7
Let o(n) = 4*n + 9. Let z(b) = 9*b**2 - 21*b + 4. Let q be z(2). Calculate o(q).
1
Let q(u) be the second derivative of -u**4/6 - 7*u**3/6 + 3*u**2/2 - 540*u. Calculate q(-6).
-27
Let k(o) = -o**2 - 9*o - 1. Let d be k(-8). Let f(g) = 0 + d - 3*g + 4*g. Give f(-4).
3
Let u(m) = 3*m**2 - 2. Let a(o) = 9*o**2 - o - 16*o**2 - 2 + 7. Let z(c) = 2*a(c) + 5*u(c). Let y = -4 + 6. Calculate z(y).
0
Let g(y) = y - 9. Let z be g(4). Let s be 1/(10/(-4))*z. Let h(l) = -6*l + 3 + 0 - l - s. Calculate h(1).
-6
Let z = -5 - -11. Suppose -3*l - z = -l. Let h(n) be the third derivative of -n**5/20 - n**4/8 + n**3/6 - 86*n**2 + 9. What is h(l)?
-17
Let p(a) be the second derivative of 0 - 13*a + 1/6*a**3 - 3/2*a**2. Determine p(6).
3
Let h(t) = -t**3 + 10*t**2 - 6*t + 9. Let j be (6/15)/((-1)/(-15)) - -3. Give h(j).
36
Let g(f) = f**2 - 18*f - 2. Suppose -29*v + 18*v + 198 = 0. What is g(v)?
-2
Let u be (3/(-2))/((-6)/8). Let a be (1/3)/(2/18). Let x(l) = l**2 - 2 - a + 3 - u*l + 0. Give x(4).
6
Let k(y) be the third derivative of -y**4/12 - y**3/2 - 82*y**2. What is k(4)?
-11
Let l(h) = -38 + 9 + 2*h + 12 + 2. Give l(5).
-5
Suppose -4*y - 2*g = 0, 0 = 2*y + 3*g - 6*g. Let p(h) = h**3 + h**2 - h. Let v(n) = 5*n**3 + 7*n**2 - 6*n - 11. Let f(q) = -6*p(q) + v(q). Calculate f(y).
-11
Let w be (1*15/10)/((-12)/(-16)). Let y(c) be the second derivative of c + 0 - 1/2*c**w + 1/3*c**3. What is y(4)?
7
Let t(a) = a**3 - 5*a**2 - 4. Suppose -k - d = -5, -k + 3*d + 8 = d. Give t(k).
32
Suppose 3*b - 8 = 7. Let p(y) = -2 + y + 0*y - 19*y**3 + 18*y**3 + b*y**2. Let k(c) = c**3 + 5*c**2 - 6*c + 5. Let m be k(-6). What is p(m)?
3
Let m(v) be the second derivative of 0 - 1/6*v**3 - 3*v + 0*v**5 - 2*v**2 + 0*v**4 - 1/40*v**6. Let u(k) be the first derivative of m(k). What is u(1)?
-4
Suppose 4*l + q = -12 - 11, 0 = -3*l + 5*q - 46. Let a(y) = -34*y + 2 + 4 + 63*y - 28*y. Determine a(l).
-1
Let z(q) be the first derivative of q**4/4 - 5*q**3/3 + q**2 + 2*q - 1. Suppose 0 = 5*y + 114 - 89, 3*u = -5*y - 19. Calculate z(u).
-6
Let s be (-1)/3 - 56/(-6). Let m = s - 9. Suppose -h - h = m. Let v(p) = -p**2 - p + 10. Give v(h).
10
Let v(s) = -10 - s**3 + 8*s**3 + 10*s**2 - 6*s**3 + 2*s**2 + 9*s. Give v(-11).
12
Let h(q) = q**2 + 2*q + 4. Let j(o) = o**3 - o**2 - 11*o + 2. Let w be j(4). Let p be w - 7 - (0 - -2). Determine h(p).
7
Let j(o) = -o**3 - 12*o**2 - 11*o +